e factors of n(5).
3, 5483
List the prime factors of (-1)/((-9)/(-54)) + 15227 + -10.
7, 41, 53
Let n = -101 - -106. Suppose -n*z - 714 = -12*z. Suppose -5*q = -4*p - 0*q + 408, -p - q + z = 0. List the prime factors of p.
2, 3, 17
Suppose 1019 + 3168 = 3*k + 4*j, -2*k + 2790 = 4*j. Suppose q - 621 = v, 2*q = v - 150 + k. List the prime factors of q.
2, 313
Suppose -24*q - 4*q = -558992. What are the prime factors of q?
2, 7, 23, 31
What are the prime factors of (-50476)/17*6664/(-784)?
2, 12619
Suppose -310 + 0 = -31*x. Suppose -x*t + 5*d = -5*t - 2795, -d = -5*t + 2795. What are the prime factors of t?
13, 43
Suppose -n + 41479 = 4*x, -3*n - 94*x = -91*x - 124509. List the prime factors of n.
3, 101, 137
Let j = 28 + 15. Let n = -41 + j. Suppose n*a - 86 = -2*o + 5*a, 0 = 3*o + 3*a - 159. What are the prime factors of o?
7
Let f(w) = -18*w - 33 + 18 + 14. List the prime factors of f(-8).
11, 13
Let z = 20139 + -6027. What are the prime factors of z?
2, 3, 7
What are the prime factors of (1 + (-938)/(-6))*2304243/6108?
2, 59, 503
List the prime factors of 1 - (-35)/(-30) - (63727/(-6) + -3).
2, 83
Let a(c) be the second derivative of 5*c**4/2 - 5*c**3 - 62*c**2 - 31*c - 2. What are the prime factors of a(-5)?
2, 97
List the prime factors of ((-114)/(-19) - 751)*((-98)/5 - -2).
2, 11, 149
Suppose -674*m = -307*m - 7325687. List the prime factors of m.
19961
Suppose -5*r + 19 = -36. Let t = -1411 + 1411. Let a = r - t. What are the prime factors of a?
11
Let f(p) = p**3 - 2*p**2 + 2*p. Let r be f(1). Suppose -26*c + 27*c - r = 0. List the prime factors of (-31 + c)*(-36)/15.
2, 3
Let g(n) = n**3 - 1. Let f(l) = 3*l**3 - 7*l**2 - 15*l + 14. Let a(y) = f(y) - 2*g(y). Let v(m) = 36*m - 63. Let h be v(2). List the prime factors of a(h).
43
Suppose 5*g + 925 + 236 = i, 0 = -g - 4*i - 228. Let y = 335 + g. What are the prime factors of y?
103
Let i(k) = 213*k**2 - 4*k + 126. List the prime factors of i(6).
2, 3, 5, 7, 37
Suppose -571 - 1088 = 3*c. Let w = 1124 + c. Suppose 5*k - 949 = v, 0 = 6*k - 3*k - v - w. What are the prime factors of k?
3, 7
Let n(o) = o**3 + 11*o**2 - 11*o + 17. Let v be n(-12). Suppose -22 = -v*x + 3*a + 2, x - 9 = 2*a. Suppose -7*g + 804 = -x*g. What are the prime factors of g?
3, 67
Let v(g) = -g**2 + g + 124. Let k be v(0). Let x = k + -179. List the prime factors of 188 + (-11)/(x/10).
2, 5, 19
Suppose 4*u + 3*h + 449 - 1318 = 0, -3*u + 3*h = -615. Let y(x) = -x**2 - 4*x - 8. Let o be y(6). Let s = u + o. What are the prime factors of s?
2, 3
Suppose 183*z - 172*z - 105490 = 0. List the prime factors of z.
2, 5, 7, 137
Let p(j) = 2 + 2*j + 0*j + 0 + 18*j. Let s be p(5). Let u = s - 59. List the prime factors of u.
43
Let m(c) = 22*c - 675. Let j be m(31). Let p = 10 + -5. Suppose -p*d + 92 = j. What are the prime factors of d?
17
Suppose -19*z + 27 = -10*z. Let p(g) = 187*g**2 + 2*g + 16. List the prime factors of p(z).
5, 11, 31
Let z(y) = -120*y**3 + 11*y**2 + 65*y + 277. List the prime factors of z(-5).
15227
Suppose 48*d = 418097 + 1330015. List the prime factors of d.
79, 461
Let r be (23 - 23)/(2 - 7). Suppose 347 = -3*a - 4*d + 1102, r = -3*d + 15. List the prime factors of a.
5, 7
Suppose 3*v + 1110 = 3*s, -v + 25 = 4*v. List the prime factors of 159720/s - 4/(-50).
2, 3, 71
Let p(x) = 284*x**2 + 29*x + 100. What are the prime factors of p(-3)?
7, 367
Suppose -15*o - 3437 + 11537 = 0. Let b = o - 211. List the prime factors of b.
7, 47
Let l(a) = -2*a**2 + 17*a + 7. Let g(t) = 6*t**2 - 50*t - 21. Let w(b) = -6*g(b) - 17*l(b). Let p be w(6). List the prime factors of (162/45)/(p/5).
2, 3
Let h(g) = g**3 + 5*g**2 + 4*g + 2. Let d be h(-2). Suppose d*k - 5*k + 237 = 0. Let v = 418 + k. List the prime factors of v.
181
Let p(u) = u**3 + 141*u**2 + 201*u - 474. List the prime factors of p(-136).
2, 5, 29, 223
Let l = 34 - 31. Suppose -3*k + 2*h = 2, 4*k = 3*k - 3*h + l. Suppose y + 41 - 104 = k. What are the prime factors of y?
3, 7
Let o be 1 + 85 + -8 + -1 + 6. Suppose o*w - 115 = 78*w. List the prime factors of w.
23
Suppose h = -4*c - 2*h + 16, 5*h + 4 = c. Suppose p + 3*y - 352 = 0, -9*p - 2*y = -c*p - 1708. What are the prime factors of p?
2, 5, 17
Let t(j) = 11*j + 6. Let h = 66 - 63. Let p(r) = -r**3 + 3*r**2 + 3*r - 2. Let g be p(h). What are the prime factors of t(g)?
83
Let w(d) = -4*d**2 - 2*d - 4. Let o(y) = -5*y**2 - 2*y - 4. Let n(k) = -6*o(k) + 7*w(k). Let g be -1 + -8 - (-16 + 18 + -7). What are the prime factors of n(g)?
2, 3
Let k = -628 + 1459. Let t = k + -357. List the prime factors of t.
2, 3, 79
Let w = -52088 - -81656. What are the prime factors of w?
2, 3, 7, 11
Suppose 17*w - 54099 = 93512. What are the prime factors of w?
19, 457
Let i be -10*(446*(-5)/(-25))/(-1). Let z = i - 520. What are the prime factors of z?
2, 3, 31
Suppose 43*t - 39*t - 88764 = 0. What are the prime factors of t/52 + (18/(-8))/3?
2, 3, 71
Suppose -5*f + 108 + 22 = 3*i, 2*f - i - 41 = 0. Suppose 650 = -f*g + 12311. List the prime factors of g.
3, 13
Let m = 426 + -898. Let y = -169 - m. List the prime factors of y.
3, 101
Suppose 2*c = -g + 7446 - 298, -28580 = -4*g + 4*c. List the prime factors of g.
2, 3, 397
Let h be (-1)/(16/120 + (-1)/3). Suppose -3*x + h*o - 2035 = -8*x, -3*x + o = -1201. List the prime factors of x.
2, 3, 67
Let r(w) = -3*w - 1. Let n be 9/3 + 2 + (-4 - -1). Let s be r(n). Let z = s - -32. What are the prime factors of z?
5
Suppose 5*m - 733 = p, -3*p + 286 = 2*m - p. List the prime factors of (21/6 - 2)*m.
3, 73
Suppose 0 = 7*v + v - 0*v. Let i be (v + -1)/(1/(-168)) - 0. Suppose -i + 2 = -2*b. What are the prime factors of b?
83
Suppose -5*w + 4388 = 27*o - 23*o, o - 2*w - 1084 = 0. What are the prime factors of o?
2, 3, 7, 13
Let c = -128 - -71. Let w = c - -62. Suppose 14 = 2*r - 4*m - 158, 4*m = w*r - 424. List the prime factors of r.
2, 3, 7
Suppose -60*m + 60 = -64*m. What are the prime factors of -9 + (-7896)/m - 2/5?
11, 47
Suppose -g + 18 = -3*f - 0, 3*g - 50 = 5*f. List the prime factors of 4/(-10) - (-1)/(g/3951).
263
Suppose 192 = 4*s - 180. Let d = s - -520. List the prime factors of d.
613
Let i be 386/26 + 24/156. Suppose -14*j - 44 = -i*j. Suppose 3*u - 4*u = 5*t - j, 3*t - 286 = -5*u. What are the prime factors of u?
59
Let g(x) = 3*x + 1. Suppose -6*k - 16 + 4 = 0. Let b be g(k). What are the prime factors of 4/b*(2 - (-198)/(-4))?
2, 19
List the prime factors of 66/(-297) + 236080/45.
2, 43, 61
Let z be -69*(5 + (-32)/6). Suppose 14*x - z = 6473. List the prime factors of x.
2, 29
Suppose 2*r - 2*t + 1269 = 79, 2*t = -2*r - 1206. Let b = -305 - r. What are the prime factors of b?
2, 3, 7
Let w(h) = 68*h**2 + 39*h - 17. List the prime factors of w(-17).
2, 3, 17, 31
Suppose 0 = 5*i - 5*k - 1893 - 12877, -k + 2 = 0. Suppose -10*o + 3254 + i = 0. List the prime factors of o.
3, 23
List the prime factors of (0 - 7)/(77/(-315953)).
28723
Let m(q) = q**2 - 9*q + 62. Let x be m(-9). Let r = 282 - x. What are the prime factors of r?
2, 29
Let u = 73 - 62. Let o(x) = 3*x**2 - 5*x + 37. List the prime factors of o(u).
3, 5, 23
Let z(d) = 15*d + 161. Let t be z(-9). Suppose 36*b - 2680 = t*b. List the prime factors of b.
2, 67
Let y(a) be the third derivative of a**5/30 + 25*a**4/24 - 4*a**3/3 - a**2 - 2*a. What are the prime factors of y(-25)?
617
What are the prime factors of -93*(8/(-36))/((-28)/(-126336))?
2, 31, 47
What are the prime factors of 199720/24 - (-34)/(-51)?
53, 157
Let c = 59612 - 23548. List the prime factors of c.
2, 7, 23
Let s = -90 - -5298. Suppose -3*a - 3*a = -s. What are the prime factors of a?
2, 7, 31
List the prime factors of ((-1)/(-3) + (-171490)/30)/(138/(-483)).
2, 7, 1429
Let y(o) = o**3 - 3*o**2 - 10*o - 3. Suppose 0 = -5*w - 0*w + 255. Let x = -44 + w. What are the prime factors of y(x)?
3, 41
Suppose -23*i = -29*i + 12. Suppose i*t = -3*w + 1314 + 2106, 0 = 2*t. What are the prime factors of w?
2, 3, 5, 19
Let a(t) = 59*t**2 + 61*t - 578. List the prime factors of a(17).
2, 5, 17, 103
Let t(x) = -3*x**2 - 14*x. Let k be t(-5). Let u(r) be the first derivative of r**4/4 + 10*r**3/3 + r**2/2 - 7*r - 1. List the prime factors of u(k).
113
List the prime factors of -81426*((-48)/(-18) + -3).
2, 41, 331
Let v(b) = b**3 + b**2 + 4*b + 4. Suppose 2*l +